g = 37 + 93. Suppose -r + 3*x - 9 + 34 = 0, -4*r = 3*x - g. Calculate the remainder when b(1) is divided by r.
29
Suppose f = -4*f + 690. Suppose 0*k - f = -k. Let z = k + -97. What is the remainder when z is divided by 11?
8
Let i(h) be the second derivative of -h**5/20 - h**4/2 + h**3/6 + 6*h**2 - 22*h. What is the remainder when 14 is divided by i(-6)?
2
Suppose 7*y = 3*y + 68. Calculate the remainder when (1 + 2*(-2 + 0))*(-47 + 25) is divided by y.
15
Let k be 3 - 2/(-1 - -3). Let m be -2 + 0/(-4) + 2. Suppose m = -k*o + o + 11. What is the remainder when 18 is divided by o?
7
Let n = 56 + -22. What is the remainder when n is divided by (19*-1)/(153/(-153))?
15
Suppose -338 = -5*b - 318. Calculate the remainder when 29 is divided by b.
1
Let q = -420 + 590. What is the remainder when q is divided by 41?
6
Suppose 0 = w + 5*f - 0*f - 195, -2*w = 4*f - 384. Calculate the remainder when w is divided by 32.
30
Suppose 5*g - 260 = -0. Suppose -20 = -4*w + 16. What is the remainder when g is divided by w?
7
Suppose 174*b - 165*b - 441 = 0. What is the remainder when b is divided by 35?
14
Let n(q) = 4*q + 66. Let y(p) = -3*p - 44. Let x(r) = 5*n(r) + 7*y(r). What is the remainder when 7 is divided by x(19)?
1
Let m = -10 + 28. Suppose 2*v = -2*f - 8, f - 4*f + 2*v = 7. What is the remainder when (-6)/(-9) + (-157)/f is divided by m?
17
Let l(u) = u**3 - 24*u**2 - u + 35. Calculate the remainder when 73 is divided by l(24).
7
Let y(k) = 87*k - 583. Calculate the remainder when 84 is divided by y(7).
6
Let a(w) = -w**3 + 21*w**2 - 35*w - 23. What is the remainder when a(19) is divided by 20?
14
Suppose 5*n - 3*l = -4*l + 103, -4*n = l - 83. Suppose -117 = -14*y + 12*y + c, 0 = -2*y - 4*c + 102. What is the remainder when y is divided by n?
17
Suppose 10*y = 4 + 16. Suppose -40 = -h - 4*h. Calculate the remainder when h is divided by y.
0
Suppose 4*o - 104 = 4*l, 6*l = -5*o + 2*l + 148. Let k(c) = 16*c**2 + 2*c - 1. What is the remainder when o is divided by k(1)?
11
Let v(a) = a**3 + 7*a**2 - 8*a - 8. Let z be v(-6). Let u = z - -19. Suppose -4*j = 4*s - 88, s - 3*s - j = -46. Calculate the remainder when u is divided by s.
23
Let c(o) = -3*o - 5. What is the remainder when (-15 - -69) + 0 - (1 - 3) is divided by c(-5)?
6
Let j(h) = -85*h + 187. What is the remainder when 67 is divided by j(2)?
16
Let y(i) = i + 3. Let p be 174/45 - 2/(-15). Suppose -p*d = 3*v - 7*v + 16, 5*v - 20 = 3*d. What is the remainder when 5 is divided by y(d)?
2
Let w = -52 + 72. What is the remainder when 119 is divided by w?
19
Calculate the remainder when 14 + 1*(-3 + -6 + 6) is divided by 11.
0
Let m = 56 - 44. Calculate the remainder when 82 is divided by m.
10
Suppose -3*f - 882 = -5*x, -x = -2*x + 3*f + 174. Suppose -x - 60 = -3*s. What is the remainder when s is divided by 28 + -2*((-30)/12 - -3)?
25
Let f be 6/(-4)*(-16)/6. Let u = f - 0. Let h(z) = -z**3 + 4*z**2 + 2*z. Calculate the remainder when 22 is divided by h(u).
6
Let g = -83 - -136. Let y = 10 + g. Suppose 2*j = j + y. Calculate the remainder when j is divided by 16.
15
Let s = -478 - -703. What is the remainder when s is divided by 75?
0
Suppose -2*r = 5*p - 39, -2*p + 3*r = 2*r - 21. Let t be (-68)/((4 - p) + 3). What is the remainder when t + 3 + (1 - 5) is divided by 12?
9
Suppose 2*x - 5*b = 2162, 6*b - 7*b = -5*x + 5382. Calculate the remainder when x is divided by 47.
42
Let n = 5 - -14. What is the remainder when (-1054)/(-14) - (-14)/(-49) is divided by n?
18
Let f(o) = o**2 - 2*o - 23. Let y = 14 - 7. Let s(r) = -6*r - 3. What is the remainder when s(-6) is divided by f(y)?
9
Let a(y) = 2*y + 142. What is the remainder when a(24) is divided by 15?
10
Suppose 6*n - 42 = 168. What is the remainder when 68 is divided by n?
33
What is the remainder when 449 is divided by (-20)/(-2)*(-12 - -17)?
49
Let m(i) = -5*i - 14 + 0 - 4*i - 21. Calculate the remainder when 46 is divided by m(-5).
6
Suppose 0 = b + 4, -67 - 31 = -5*h + 2*b. Let r(v) = v + 35. Let p be r(9). Suppose -39*i = -p*i + 170. Calculate the remainder when i is divided by h.
16
Suppose 0 = -r + 4*h - 2*h - 8, -h = 4*r + 23. Let c be (-5 - 1)*r/4. Suppose 14 + c = j. Calculate the remainder when 45 is divided by j.
22
Let r(q) = -5*q**2 - 84*q + 35. Calculate the remainder when 66 is divided by r(-17).
12
Suppose 2*j = g, -57 = -4*g - 5*j - 5. Calculate the remainder when 14 is divided by g.
6
What is the remainder when 159 is divided by 126/189*2*57?
7
Suppose -17*i = -371 - 2910. Calculate the remainder when i is divided by 39.
37
Let g be 2*1/21*-3*-49. Suppose v + 2*b = 4*b + g, 2*v = -5*b - 17. Suppose 9 = l - 5*s, 0*l + 4*l - 4*s - 52 = 0. What is the remainder when l is divided by v?
2
Suppose 5*x = -l + 15, -l - 13 = -0*x - 2*x. Let s(u) = u + 28. Let z be -10 + 20/((-15)/3). Calculate the remainder when s(z) is divided by x.
2
Suppose -5*q + 110 = z, 2*q - 19 - 2 = -5*z. What is the remainder when 31 is divided by q?
8
Let b = 34 - 50. Calculate the remainder when (b/(-6))/((-6)/(-45)) is divided by 9.
2
Suppose -5*w - 5*t + 285 = -0*w, -t = 5*w - 293. Calculate the remainder when w is divided by 20.
19
Let n = 21183 - 21174. What is the remainder when n is divided by 4/(-14) - 51/(-7)?
2
Suppose -3*i = 2*k - 23, 2*i + 29 = 5*k - 0. Suppose 3*q - 197 = -125. What is the remainder when q is divided by k?
3
Let o(v) = -2*v - 5. Let u be o(-4). Suppose -12 = u*w, 3*c + 5*w - 51 - 10 = 0. Let r = c - 17. Calculate the remainder when 37 is divided by r.
7
Let j(s) = -9*s**3 + 21*s**2 - 11*s + 20. Suppose 4*d - 44 - 20 = 0. Calculate the remainder when d is divided by j(2).
6
Let o = 245 - 229. What is the remainder when 218 is divided by o?
10
Suppose 6*b - 61 = -m + b, -3*b - 77 = -m. Calculate the remainder when 282 is divided by m.
69
Suppose 0 = 5*x + 5*g + 30, 0 = -x - 0*x + 3*g + 6. Let q be ((-2)/(-3))/(2/3). What is the remainder when 19 is divided by 0*q/x - -7?
5
Let d(u) = -u**3 - 3*u**2 + 9*u - 35. Calculate the remainder when d(-6) is divided by 7.
5
Suppose -u - 2*u - 6 = 0. Let d = -24 - -56. Calculate the remainder when d is divided by 12 - (-3 + -3)/u.
5
Suppose 0 = 51*p - 224 - 2989. Calculate the remainder when p is divided by 5.
3
Calculate the remainder when 27 is divided by (1*(-11)/(-4))/(97/388).
5
Suppose 4*w - 10 = 2*w, 4*x + w - 17 = 0. Suppose 7 = x*j - 2. Suppose -3*v + 2 = b, j*b - 3*v = 46 - 4. Calculate the remainder when b is divided by 6.
5
Suppose -10*q - 50 = -12*q. Let b = q - -17. What is the remainder when 124 is divided by b?
40
What is the remainder when 386 is divided by 6165/33 - (3 - 245/77)?
12
Let q = -89 - -101. Calculate the remainder when 33 is divided by q.
9
Let s(h) = -h**3 - 2*h**2 + 3. Let v be s(-2). Suppose -5*i - v*n + 15 = -39, -5*i = -4*n - 68. Calculate the remainder when 47 is divided by i.
11
Suppose 2*n = 4*q + 29 - 5, -2*n + 28 = -3*q. Suppose -3*o + 7 = -x - 4, -4*o - 4*x = -n. What is the remainder when 15 is divided by o?
3
Suppose 5*g = -3*a + 19, 2*g + 3*g = 3*a + 31. Suppose 0*y + 105 = g*y. Calculate the remainder when y is divided by 12/(3*(-2)/(-6)).
9
Let g = 1124 + -1069. What is the remainder when g is divided by 14?
13
Suppose -14*t = -6*t - 24. Suppose 3 = 3*r, -130 = -p - t*r + 6*r. Calculate the remainder when p is divided by 27.
25
Let u(r) = -160*r**2 - 65*r - 65. Let x(z) = 5*z**2 + 2*z + 2. Let t(k) = 6*u(k) + 195*x(k). What is the remainder when 29 is divided by t(1)?
14
Suppose 121 = -5*t + 16*t. What is the remainder when 98 is divided by t?
10
Let n = -24 + 28. Suppose -2*f + 87 = -z, -3*z - 173 = -n*f - 0*z. What is the remainder when f is divided by 23?
21
Suppose 0 = 270*n - 280*n + 100. Calculate the remainder when 53 is divided by n.
3
Suppose 3*i - 157 = -3*u + 50, 2*u - 5*i - 103 = 0. Suppose -2*o - 22 = -2*k - 6, 3*k - 49 = -2*o. What is the remainder when u is divided by k?
12
Suppose 0 = 5*g - 0*g - 85. Calculate the remainder when g is divided by (2 - 8)*12/(-8).
8
Calculate the remainder when (-4)/26 - (-253048)/611 is divided by 31.
11
Let u = 183 + 232. Calculate the remainder when u is divided by 13.
12
Let a = 30 - 53. Let l = -28 - a. What is the remainder when 11 is divided by (18/15)/((-1)/l)?
5
Suppose k + 409 = 5*l + 6